{"id":83,"date":"2020-04-01T17:48:40","date_gmt":"2020-04-01T17:48:40","guid":{"rendered":"https:\/\/monnomada.net\/toubkal\/?page_id=83"},"modified":"2020-04-03T07:00:13","modified_gmt":"2020-04-03T07:00:13","slug":"inicio","status":"publish","type":"page","link":"https:\/\/monnomada.net\/toubkal\/","title":{"rendered":"Descubrimos un lugar"},"content":{"rendered":"\n<h2 class=\"has-text-align-center wp-block-heading\">Cerca del Toubkal<\/h2>\n\n\n\n<div class=\"wp-block-image\"><figure class=\"aligncenter size-large\"><img loading=\"lazy\" decoding=\"async\" width=\"990\" height=\"264\" src=\"https:\/\/monnomada.net\/toubkal\/wp-content\/uploads\/2020\/04\/imlil_5591.jpg\" alt=\"Paisaje del Atlas\" class=\"wp-image-84\" srcset=\"https:\/\/monnomada.net\/toubkal\/wp-content\/uploads\/2020\/04\/imlil_5591.jpg 990w, https:\/\/monnomada.net\/toubkal\/wp-content\/uploads\/2020\/04\/imlil_5591-300x80.jpg 300w, https:\/\/monnomada.net\/toubkal\/wp-content\/uploads\/2020\/04\/imlil_5591-768x205.jpg 768w\" sizes=\"(max-width: 990px) 100vw, 990px\" \/><\/figure><\/div>\n\n\n\n<p><strong>M\u2019zik es una aldea del pueblo de Imlil, situado en las\nfaldas del Alto Atlas. La gente aqu\u00ed lleva una vida sencilla, basando su\nactividad en la agricultura, la ganader\u00eda y el peque\u00f1o comercio. Es un lugar\ntranquilo, la gente no tiene prisa, todo fluya y la mente se relaja. Una\ndistendida conversaci\u00f3n siempre est\u00e1 amenizada por un t\u00e9 con menta para\nmantener el gusto marroqu\u00ed. <\/strong><\/p>\n\n\n\n<div class=\"wp-block-image\"><figure class=\"aligncenter size-large\"><img loading=\"lazy\" decoding=\"async\" width=\"540\" height=\"400\" src=\"https:\/\/monnomada.net\/toubkal\/wp-content\/uploads\/2020\/04\/imlil_5595.jpg\" alt=\"Aldea de Mzik\" class=\"wp-image-101\" srcset=\"https:\/\/monnomada.net\/toubkal\/wp-content\/uploads\/2020\/04\/imlil_5595.jpg 540w, https:\/\/monnomada.net\/toubkal\/wp-content\/uploads\/2020\/04\/imlil_5595-300x222.jpg 300w\" sizes=\"(max-width: 540px) 100vw, 540px\" \/><\/figure><\/div>\n\n\n\n<p><strong>Este es el punto de partida hacia el refugio Netlner,\nel lugar ideal para atacar la cima del monte Toubkal (4.167 m.).&nbsp; U otros\ncuatromiles como el Rash Timesguida o el Ras Ouanokrim. El transporte se hace\ncon mulas. Ellas trasladan todo lo necesario por senderos y ca\u00f1ones a trav\u00e9s de\nla cordillera del Atlas.<\/strong><\/p>\n\n\n\n<div class=\"wp-block-image\"><figure class=\"aligncenter size-large\"><img loading=\"lazy\" decoding=\"async\" width=\"540\" height=\"400\" src=\"https:\/\/monnomada.net\/toubkal\/wp-content\/uploads\/2020\/04\/hassan-3.jpg\" alt=\"Trekking de alta monta\u00f1a\" class=\"wp-image-102\" srcset=\"https:\/\/monnomada.net\/toubkal\/wp-content\/uploads\/2020\/04\/hassan-3.jpg 540w, https:\/\/monnomada.net\/toubkal\/wp-content\/uploads\/2020\/04\/hassan-3-300x222.jpg 300w\" sizes=\"(max-width: 540px) 100vw, 540px\" \/><\/figure><\/div>\n\n\n\n<p><strong>No todo es el Toubkal, Imlil se ha convertido en un\ndestino para el turismo de trekking y senderismo. All\u00ed hay caminatas para todos\nlos gustos, cortas o largas, dif\u00edciles o f\u00e1ciles. En un ambiente rural de monta\u00f1a,\nlas infraestructuras son m\u00e1s que aceptables con encantadores hoteles y\nalbergues. Si a ello a\u00f1adimos la hospitalidad bereber, este puede ser el lugar\nideal para pasar unos d\u00edas andando y descansando. <\/strong><\/p>\n\n\n\n<div class=\"wp-block-image\"><figure class=\"aligncenter size-large\"><img loading=\"lazy\" decoding=\"async\" width=\"540\" height=\"400\" src=\"https:\/\/monnomada.net\/toubkal\/wp-content\/uploads\/2020\/04\/hs-3.jpg\" alt=\"Andando por parajes m\u00e1gicos\" class=\"wp-image-97\" srcset=\"https:\/\/monnomada.net\/toubkal\/wp-content\/uploads\/2020\/04\/hs-3.jpg 540w, https:\/\/monnomada.net\/toubkal\/wp-content\/uploads\/2020\/04\/hs-3-300x222.jpg 300w\" sizes=\"(max-width: 540px) 100vw, 540px\" \/><\/figure><\/div>\n\n\n\n<p><strong>Con un paisaje espectacular, por encima de Imlil y\ntodo el valle al fondo, encontramos el hotel Gite Tizi Mizik, peque\u00f1o, pero con\nencanto y un trato exquisito. Aqu\u00ed puedes descansar y relajarte despu\u00e9s del\npasar unas horas andando, o preparte para una ruta que quieres hacer al d\u00eda\nsiguiente. Las habitaciones son c\u00f3modas, dos o tres camas con ba\u00f1o, una\nhabitaci\u00f3n para un grupo con siete colchones o un apartamento adjunto con\ncocina incluida.<\/strong><\/p>\n\n\n\n<div class=\"wp-block-image\"><figure class=\"aligncenter size-large\"><img loading=\"lazy\" decoding=\"async\" width=\"540\" height=\"400\" src=\"https:\/\/monnomada.net\/toubkal\/wp-content\/uploads\/2020\/04\/hs-0.jpg\" alt=\"Tomando el campo base\" class=\"wp-image-103\" srcset=\"https:\/\/monnomada.net\/toubkal\/wp-content\/uploads\/2020\/04\/hs-0.jpg 540w, https:\/\/monnomada.net\/toubkal\/wp-content\/uploads\/2020\/04\/hs-0-300x222.jpg 300w\" sizes=\"(max-width: 540px) 100vw, 540px\" \/><\/figure><\/div>\n\n\n\n<p><strong>Y all\u00ed encontramos a Hassan, un gu\u00eda de monta\u00f1a con\nt\u00edtulo oficial, que vive en M\u2019zik con su familia bereber. Es un personaje que\nconoce como nadie la zona y puede preparar los recorridos e itinerarios que\ntienes en mente, te puede aconsejar y preparar para que todo salga perfecto. <\/strong><\/p>\n","protected":false},"excerpt":{"rendered":"<p>Cerca del Toubkal M\u2019zik es una aldea del pueblo de Imlil, situado en las faldas del Alto Atlas. La gente aqu\u00ed lleva una vida sencilla, basando su actividad en la agricultura, la ganader\u00eda y el peque\u00f1o comercio. Es un lugar tranquilo, la gente no tiene prisa, todo fluya y la <a href=\"https:\/\/monnomada.net\/toubkal\/\" class=\"btn btn-link continue-link\">Seguir leyendo<\/a><\/p>\n","protected":false},"author":1,"featured_media":0,"parent":0,"menu_order":0,"comment_status":"closed","ping_status":"closed","template":"","meta":{"pagelayer_contact_templates":[],"_pagelayer_content":"","footnotes":""},"aioseo_notices":[],"_links":{"self":[{"href":"https:\/\/monnomada.net\/toubkal\/wp-json\/wp\/v2\/pages\/83"}],"collection":[{"href":"https:\/\/monnomada.net\/toubkal\/wp-json\/wp\/v2\/pages"}],"about":[{"href":"https:\/\/monnomada.net\/toubkal\/wp-json\/wp\/v2\/types\/page"}],"author":[{"embeddable":true,"href":"https:\/\/monnomada.net\/toubkal\/wp-json\/wp\/v2\/users\/1"}],"replies":[{"embeddable":true,"href":"https:\/\/monnomada.net\/toubkal\/wp-json\/wp\/v2\/comments?post=83"}],"version-history":[{"count":8,"href":"https:\/\/monnomada.net\/toubkal\/wp-json\/wp\/v2\/pages\/83\/revisions"}],"predecessor-version":[{"id":118,"href":"https:\/\/monnomada.net\/toubkal\/wp-json\/wp\/v2\/pages\/83\/revisions\/118"}],"wp:attachment":[{"href":"https:\/\/monnomada.net\/toubkal\/wp-json\/wp\/v2\/media?parent=83"}],"curies":[{"name":"wp","href":"https:\/\/api.w.org\/{rel}","templated":true}]}}