{"id":38,"date":"2020-02-14T18:12:43","date_gmt":"2020-02-14T18:12:43","guid":{"rendered":"https:\/\/monnomada.net\/senegal\/?page_id=38"},"modified":"2020-04-03T16:57:18","modified_gmt":"2020-04-03T16:57:18","slug":"goree","status":"publish","type":"page","link":"https:\/\/monnomada.net\/senegal\/1-2\/goree\/","title":{"rendered":"Gor\u00e9e"},"content":{"rendered":"<h1 style=\"text-align: center;\">La Isla del <em>no retorno<\/em><\/h1>\n<p>La Isla de los Esclavos se encuentra a tres quil\u00f3metros de <a href=\"https:\/\/monnomada.net\/senegal\/1-2\/dakar\/\">Dakar<\/a> , desde la peque\u00f1a isla de Gor\u00e9e,\u00a0 se concentraban los esclavos que luego ser\u00edan embarcados hacia Am\u00e9rica. La isla perteneci\u00f3 a los portugueses desde el siglo XV y en el XVI construyeron la primera casa para este fin. Hasta que Francia aboli\u00f3 la esclavitud en el a\u00f1o 1848, el lugar fue una base para este comercio. La historia completa nos la cuentan al visitar el museo o la Casa de los Esclavos, as\u00ed como las diferentes dependencias, como separaban a la gente por g\u00e9nero, como lanzaban al mar a los d\u00e9biles y tambi\u00e9n podemos ver la Puerta del no retorno.<\/p>\n<h2 style=\"text-align: center;\">Gor\u00e9e actual<\/h2>\n<p>Actualmente, se vive con un ritmo tranquilo, es un lugar agradable para pasear por sus calle llenas de exuberantes buganvillas. Se puede subir hasta la parte m\u00e1s alta para tener buenas vistas, all\u00ed est\u00e1 <em>el Castel<\/em>, construido por los holandeses poco antes de caer la isla en manos francesas. En el camino se encuentran artesanos que trabajan al aire libre intentando vender sus creaciones a los visitantes. Muchas casas coloniales est\u00e1n pintadas de colores terrosos, en la peque\u00f1a playa se ba\u00f1a la gente, sobre todo los ni\u00f1os, y frente a ella, unos cuantos restaurantes.<\/p>\n<p>En la isla hay una mezquita y una iglesia, y algunas pensiones para los que quieren pasa all\u00ed la noche. El ferry desde Dakar es el medio de transporte para llegar a Gor\u00e9e. El servicio solo se detiene unas horas por la noche, aunque muchos visitantes regresan a media tarde. Los pocos que se quedan, pueden disfrutar de un espectacular atardecer y de un relajante silencio, solo roto por los gritos de los ni\u00f1os que juegan en las arenosas calles.<\/p>\n<div class=\"su-table su-table-alternate\">\n<table>\n<tbody>\n<tr>\n<td>\n<figure id=\"attachment_78\" aria-describedby=\"caption-attachment-78\" style=\"width: 300px\" class=\"wp-caption alignnone\"><img loading=\"lazy\" decoding=\"async\" class=\"size-medium wp-image-78\" src=\"https:\/\/monnomada.net\/senegal\/wp-content\/uploads\/2020\/03\/goree-casesclavos-300x193.jpg\" alt=\"Casa de los esclavos\" width=\"300\" height=\"193\" srcset=\"https:\/\/monnomada.net\/senegal\/wp-content\/uploads\/2020\/03\/goree-casesclavos-300x193.jpg 300w, https:\/\/monnomada.net\/senegal\/wp-content\/uploads\/2020\/03\/goree-casesclavos-230x148.jpg 230w, https:\/\/monnomada.net\/senegal\/wp-content\/uploads\/2020\/03\/goree-casesclavos.jpg 650w\" sizes=\"auto, (max-width: 300px) 100vw, 300px\" \/><figcaption id=\"caption-attachment-78\" class=\"wp-caption-text\">La casa de los Esclavos<\/figcaption><\/figure><\/td>\n<td>\n<figure id=\"attachment_79\" aria-describedby=\"caption-attachment-79\" style=\"width: 300px\" class=\"wp-caption alignnone\"><img loading=\"lazy\" decoding=\"async\" class=\"size-medium wp-image-79\" src=\"https:\/\/monnomada.net\/senegal\/wp-content\/uploads\/2020\/03\/callesdegoree-300x201.jpg\" alt=\"Isla de Gor\u00e9e\" width=\"300\" height=\"201\" srcset=\"https:\/\/monnomada.net\/senegal\/wp-content\/uploads\/2020\/03\/callesdegoree-300x201.jpg 300w, https:\/\/monnomada.net\/senegal\/wp-content\/uploads\/2020\/03\/callesdegoree-230x154.jpg 230w, https:\/\/monnomada.net\/senegal\/wp-content\/uploads\/2020\/03\/callesdegoree.jpg 650w\" sizes=\"auto, (max-width: 300px) 100vw, 300px\" \/><figcaption id=\"caption-attachment-79\" class=\"wp-caption-text\">Calle de Gor\u00e9e<\/figcaption><\/figure><\/td>\n<td>\n<figure id=\"attachment_12\" aria-describedby=\"caption-attachment-12\" style=\"width: 300px\" class=\"wp-caption alignnone\"><img loading=\"lazy\" decoding=\"async\" class=\"size-medium wp-image-12\" src=\"https:\/\/monnomada.net\/senegal\/wp-content\/uploads\/2020\/02\/goree_0921-300x200.jpg\" alt=\"Isla de Goree\" width=\"300\" height=\"200\" srcset=\"https:\/\/monnomada.net\/senegal\/wp-content\/uploads\/2020\/02\/goree_0921-300x200.jpg 300w, https:\/\/monnomada.net\/senegal\/wp-content\/uploads\/2020\/02\/goree_0921-230x153.jpg 230w, https:\/\/monnomada.net\/senegal\/wp-content\/uploads\/2020\/02\/goree_0921.jpg 700w\" sizes=\"auto, (max-width: 300px) 100vw, 300px\" \/><figcaption id=\"caption-attachment-12\" class=\"wp-caption-text\">Gor\u00e9e a la vista<\/figcaption><\/figure><\/td>\n<\/tr>\n<tr>\n<td>\n<figure id=\"attachment_95\" aria-describedby=\"caption-attachment-95\" style=\"width: 300px\" class=\"wp-caption aligncenter\"><img loading=\"lazy\" decoding=\"async\" class=\"size-medium wp-image-95\" src=\"https:\/\/monnomada.net\/senegal\/wp-content\/uploads\/2020\/03\/goree2838-300x225.jpg\" alt=\"Playa\" width=\"300\" height=\"225\" srcset=\"https:\/\/monnomada.net\/senegal\/wp-content\/uploads\/2020\/03\/goree2838-300x225.jpg 300w, https:\/\/monnomada.net\/senegal\/wp-content\/uploads\/2020\/03\/goree2838-230x173.jpg 230w, https:\/\/monnomada.net\/senegal\/wp-content\/uploads\/2020\/03\/goree2838.jpg 650w\" sizes=\"auto, (max-width: 300px) 100vw, 300px\" \/><figcaption id=\"caption-attachment-95\" class=\"wp-caption-text\">Zona de playa<\/figcaption><\/figure><\/td>\n<td>\n<figure id=\"attachment_96\" aria-describedby=\"caption-attachment-96\" style=\"width: 300px\" class=\"wp-caption aligncenter\"><img loading=\"lazy\" decoding=\"async\" class=\"size-medium wp-image-96\" src=\"https:\/\/monnomada.net\/senegal\/wp-content\/uploads\/2020\/03\/goree2902-300x225.jpg\" alt=\"Museo\" width=\"300\" height=\"225\" srcset=\"https:\/\/monnomada.net\/senegal\/wp-content\/uploads\/2020\/03\/goree2902-300x225.jpg 300w, https:\/\/monnomada.net\/senegal\/wp-content\/uploads\/2020\/03\/goree2902-230x173.jpg 230w, https:\/\/monnomada.net\/senegal\/wp-content\/uploads\/2020\/03\/goree2902.jpg 650w\" sizes=\"auto, (max-width: 300px) 100vw, 300px\" \/><figcaption id=\"caption-attachment-96\" class=\"wp-caption-text\">Entrada al museo<\/figcaption><\/figure><\/td>\n<td>\n<figure id=\"attachment_97\" aria-describedby=\"caption-attachment-97\" style=\"width: 300px\" class=\"wp-caption aligncenter\"><img loading=\"lazy\" decoding=\"async\" class=\"size-medium wp-image-97\" src=\"https:\/\/monnomada.net\/senegal\/wp-content\/uploads\/2020\/03\/goree2853-300x225.jpg\" alt=\"Mujer en la playa\" width=\"300\" height=\"225\" srcset=\"https:\/\/monnomada.net\/senegal\/wp-content\/uploads\/2020\/03\/goree2853-300x225.jpg 300w, https:\/\/monnomada.net\/senegal\/wp-content\/uploads\/2020\/03\/goree2853-230x173.jpg 230w, https:\/\/monnomada.net\/senegal\/wp-content\/uploads\/2020\/03\/goree2853.jpg 650w\" sizes=\"auto, (max-width: 300px) 100vw, 300px\" \/><figcaption id=\"caption-attachment-97\" class=\"wp-caption-text\">Una mujer pasea en la playa<\/figcaption><\/figure><\/td>\n<\/tr>\n<\/tbody>\n<\/table>\n<\/div>\n","protected":false},"excerpt":{"rendered":"<p>La Isla del no retorno La Isla de los Esclavos se encuentra a tres quil\u00f3metros de Dakar , desde la peque\u00f1a isla de Gor\u00e9e,\u00a0 se concentraban los esclavos que luego ser\u00edan embarcados hacia Am\u00e9rica. La isla perteneci\u00f3 a los portugueses desde el siglo XV y en el XVI construyeron la primera casa para este fin. &#8230;.&nbsp;&nbsp;<a class=\" special\" href=\"https:\/\/monnomada.net\/senegal\/1-2\/goree\/\">Read More<\/a><\/p>\n","protected":false},"author":1,"featured_media":0,"parent":212,"menu_order":2,"comment_status":"closed","ping_status":"closed","template":"","meta":{"pagelayer_contact_templates":[],"_pagelayer_content":"","footnotes":""},"class_list":["post-38","page","type-page","status-publish","hentry"],"yoast_head":"<!-- This site is optimized with the Yoast SEO plugin v23.0 - https:\/\/yoast.com\/wordpress\/plugins\/seo\/ -->\n<title>Gor\u00e9e - La isla de los esclavos<\/title>\n<meta name=\"description\" content=\"Frente a las costas de Dakar, encontramos Gor\u00e9e, conocida como la isla de los esclavos, porque desde aqu\u00ed los embarcaban hacia Am\u00e9rica\" \/>\n<meta name=\"robots\" content=\"index, follow, max-snippet:-1, max-image-preview:large, max-video-preview:-1\" \/>\n<link rel=\"canonical\" href=\"https:\/\/monnomada.net\/senegal\/1-2\/goree\/\" \/>\n<meta property=\"og:locale\" content=\"es_ES\" \/>\n<meta property=\"og:type\" content=\"article\" \/>\n<meta property=\"og:title\" content=\"Gor\u00e9e - La isla de los esclavos\" \/>\n<meta property=\"og:description\" content=\"Frente a las costas de Dakar, encontramos Gor\u00e9e, conocida como la isla de los esclavos, porque desde aqu\u00ed los embarcaban hacia Am\u00e9rica\" \/>\n<meta property=\"og:url\" content=\"https:\/\/monnomada.net\/senegal\/1-2\/goree\/\" \/>\n<meta property=\"article:publisher\" content=\"https:\/\/www.facebook.com\/happytravel.viajes\/\" \/>\n<meta property=\"article:modified_time\" content=\"2020-04-03T16:57:18+00:00\" \/>\n<meta property=\"og:image\" content=\"https:\/\/monnomada.net\/senegal\/wp-content\/uploads\/2020\/03\/goree-casesclavos-300x193.jpg\" \/>\n<meta name=\"twitter:card\" content=\"summary_large_image\" \/>\n<meta name=\"twitter:site\" content=\"@happytravelon\" \/>\n<meta name=\"twitter:label1\" content=\"Tiempo de lectura\" \/>\n\t<meta name=\"twitter:data1\" content=\"2 minutos\" \/>\n<script type=\"application\/ld+json\" class=\"yoast-schema-graph\">{\"@context\":\"https:\/\/schema.org\",\"@graph\":[{\"@type\":\"WebPage\",\"@id\":\"https:\/\/monnomada.net\/senegal\/1-2\/goree\/\",\"url\":\"https:\/\/monnomada.net\/senegal\/1-2\/goree\/\",\"name\":\"Gor\u00e9e - La isla de los esclavos\",\"isPartOf\":{\"@id\":\"https:\/\/monnomada.net\/senegal\/#website\"},\"primaryImageOfPage\":{\"@id\":\"https:\/\/monnomada.net\/senegal\/1-2\/goree\/#primaryimage\"},\"image\":{\"@id\":\"https:\/\/monnomada.net\/senegal\/1-2\/goree\/#primaryimage\"},\"thumbnailUrl\":\"https:\/\/monnomada.net\/senegal\/wp-content\/uploads\/2020\/03\/goree-casesclavos-300x193.jpg\",\"datePublished\":\"2020-02-14T18:12:43+00:00\",\"dateModified\":\"2020-04-03T16:57:18+00:00\",\"description\":\"Frente a las costas de Dakar, encontramos Gor\u00e9e, conocida como la isla de los esclavos, porque desde aqu\u00ed los embarcaban hacia Am\u00e9rica\",\"breadcrumb\":{\"@id\":\"https:\/\/monnomada.net\/senegal\/1-2\/goree\/#breadcrumb\"},\"inLanguage\":\"es\",\"potentialAction\":[{\"@type\":\"ReadAction\",\"target\":[\"https:\/\/monnomada.net\/senegal\/1-2\/goree\/\"]}]},{\"@type\":\"ImageObject\",\"inLanguage\":\"es\",\"@id\":\"https:\/\/monnomada.net\/senegal\/1-2\/goree\/#primaryimage\",\"url\":\"https:\/\/monnomada.net\/senegal\/wp-content\/uploads\/2020\/03\/goree-casesclavos.jpg\",\"contentUrl\":\"https:\/\/monnomada.net\/senegal\/wp-content\/uploads\/2020\/03\/goree-casesclavos.jpg\",\"width\":650,\"height\":419,\"caption\":\"La casa de los Esclavos\"},{\"@type\":\"BreadcrumbList\",\"@id\":\"https:\/\/monnomada.net\/senegal\/1-2\/goree\/#breadcrumb\",\"itemListElement\":[{\"@type\":\"ListItem\",\"position\":1,\"name\":\"Portada\",\"item\":\"https:\/\/monnomada.net\/senegal\/\"},{\"@type\":\"ListItem\",\"position\":2,\"name\":\"Experiencias viajando por Senegal\",\"item\":\"https:\/\/monnomada.net\/senegal\/1-2\/\"},{\"@type\":\"ListItem\",\"position\":3,\"name\":\"Gor\u00e9e\"}]},{\"@type\":\"WebSite\",\"@id\":\"https:\/\/monnomada.net\/senegal\/#website\",\"url\":\"https:\/\/monnomada.net\/senegal\/\",\"name\":\"\",\"description\":\"\",\"publisher\":{\"@id\":\"https:\/\/monnomada.net\/senegal\/#organization\"},\"potentialAction\":[{\"@type\":\"SearchAction\",\"target\":{\"@type\":\"EntryPoint\",\"urlTemplate\":\"https:\/\/monnomada.net\/senegal\/?s={search_term_string}\"},\"query-input\":\"required name=search_term_string\"}],\"inLanguage\":\"es\"},{\"@type\":\"Organization\",\"@id\":\"https:\/\/monnomada.net\/senegal\/#organization\",\"name\":\"Happy Travel Online\",\"url\":\"https:\/\/monnomada.net\/senegal\/\",\"logo\":{\"@type\":\"ImageObject\",\"inLanguage\":\"es\",\"@id\":\"https:\/\/monnomada.net\/senegal\/#\/schema\/logo\/image\/\",\"url\":\"https:\/\/monnomada.net\/senegal\/wp-content\/uploads\/2020\/03\/logo550-e1585087289202.png\",\"contentUrl\":\"https:\/\/monnomada.net\/senegal\/wp-content\/uploads\/2020\/03\/logo550-e1585087289202.png\",\"width\":90,\"height\":90,\"caption\":\"Happy Travel Online\"},\"image\":{\"@id\":\"https:\/\/monnomada.net\/senegal\/#\/schema\/logo\/image\/\"},\"sameAs\":[\"https:\/\/www.facebook.com\/happytravel.viajes\/\",\"https:\/\/x.com\/happytravelon\",\"https:\/\/www.instagram.com\/happytravel.viajes\/\",\"https:\/\/www.youtube.com\/channel\/UCJMoPBeMh6hFMTE4Zzg3sJg\"]}]}<\/script>\n<!-- \/ Yoast SEO plugin. -->","yoast_head_json":{"title":"Gor\u00e9e - La isla de los esclavos","description":"Frente a las costas de Dakar, encontramos Gor\u00e9e, conocida como la isla de los esclavos, porque desde aqu\u00ed los embarcaban hacia Am\u00e9rica","robots":{"index":"index","follow":"follow","max-snippet":"max-snippet:-1","max-image-preview":"max-image-preview:large","max-video-preview":"max-video-preview:-1"},"canonical":"https:\/\/monnomada.net\/senegal\/1-2\/goree\/","og_locale":"es_ES","og_type":"article","og_title":"Gor\u00e9e - La isla de los esclavos","og_description":"Frente a las costas de Dakar, encontramos Gor\u00e9e, conocida como la isla de los esclavos, porque desde aqu\u00ed los embarcaban hacia Am\u00e9rica","og_url":"https:\/\/monnomada.net\/senegal\/1-2\/goree\/","article_publisher":"https:\/\/www.facebook.com\/happytravel.viajes\/","article_modified_time":"2020-04-03T16:57:18+00:00","og_image":[{"url":"https:\/\/monnomada.net\/senegal\/wp-content\/uploads\/2020\/03\/goree-casesclavos-300x193.jpg"}],"twitter_card":"summary_large_image","twitter_site":"@happytravelon","twitter_misc":{"Tiempo de lectura":"2 minutos"},"schema":{"@context":"https:\/\/schema.org","@graph":[{"@type":"WebPage","@id":"https:\/\/monnomada.net\/senegal\/1-2\/goree\/","url":"https:\/\/monnomada.net\/senegal\/1-2\/goree\/","name":"Gor\u00e9e - La isla de los esclavos","isPartOf":{"@id":"https:\/\/monnomada.net\/senegal\/#website"},"primaryImageOfPage":{"@id":"https:\/\/monnomada.net\/senegal\/1-2\/goree\/#primaryimage"},"image":{"@id":"https:\/\/monnomada.net\/senegal\/1-2\/goree\/#primaryimage"},"thumbnailUrl":"https:\/\/monnomada.net\/senegal\/wp-content\/uploads\/2020\/03\/goree-casesclavos-300x193.jpg","datePublished":"2020-02-14T18:12:43+00:00","dateModified":"2020-04-03T16:57:18+00:00","description":"Frente a las costas de Dakar, encontramos Gor\u00e9e, conocida como la isla de los esclavos, porque desde aqu\u00ed los embarcaban hacia Am\u00e9rica","breadcrumb":{"@id":"https:\/\/monnomada.net\/senegal\/1-2\/goree\/#breadcrumb"},"inLanguage":"es","potentialAction":[{"@type":"ReadAction","target":["https:\/\/monnomada.net\/senegal\/1-2\/goree\/"]}]},{"@type":"ImageObject","inLanguage":"es","@id":"https:\/\/monnomada.net\/senegal\/1-2\/goree\/#primaryimage","url":"https:\/\/monnomada.net\/senegal\/wp-content\/uploads\/2020\/03\/goree-casesclavos.jpg","contentUrl":"https:\/\/monnomada.net\/senegal\/wp-content\/uploads\/2020\/03\/goree-casesclavos.jpg","width":650,"height":419,"caption":"La casa de los Esclavos"},{"@type":"BreadcrumbList","@id":"https:\/\/monnomada.net\/senegal\/1-2\/goree\/#breadcrumb","itemListElement":[{"@type":"ListItem","position":1,"name":"Portada","item":"https:\/\/monnomada.net\/senegal\/"},{"@type":"ListItem","position":2,"name":"Experiencias viajando por Senegal","item":"https:\/\/monnomada.net\/senegal\/1-2\/"},{"@type":"ListItem","position":3,"name":"Gor\u00e9e"}]},{"@type":"WebSite","@id":"https:\/\/monnomada.net\/senegal\/#website","url":"https:\/\/monnomada.net\/senegal\/","name":"","description":"","publisher":{"@id":"https:\/\/monnomada.net\/senegal\/#organization"},"potentialAction":[{"@type":"SearchAction","target":{"@type":"EntryPoint","urlTemplate":"https:\/\/monnomada.net\/senegal\/?s={search_term_string}"},"query-input":"required name=search_term_string"}],"inLanguage":"es"},{"@type":"Organization","@id":"https:\/\/monnomada.net\/senegal\/#organization","name":"Happy Travel Online","url":"https:\/\/monnomada.net\/senegal\/","logo":{"@type":"ImageObject","inLanguage":"es","@id":"https:\/\/monnomada.net\/senegal\/#\/schema\/logo\/image\/","url":"https:\/\/monnomada.net\/senegal\/wp-content\/uploads\/2020\/03\/logo550-e1585087289202.png","contentUrl":"https:\/\/monnomada.net\/senegal\/wp-content\/uploads\/2020\/03\/logo550-e1585087289202.png","width":90,"height":90,"caption":"Happy Travel Online"},"image":{"@id":"https:\/\/monnomada.net\/senegal\/#\/schema\/logo\/image\/"},"sameAs":["https:\/\/www.facebook.com\/happytravel.viajes\/","https:\/\/x.com\/happytravelon","https:\/\/www.instagram.com\/happytravel.viajes\/","https:\/\/www.youtube.com\/channel\/UCJMoPBeMh6hFMTE4Zzg3sJg"]}]}},"_links":{"self":[{"href":"https:\/\/monnomada.net\/senegal\/wp-json\/wp\/v2\/pages\/38","targetHints":{"allow":["GET"]}}],"collection":[{"href":"https:\/\/monnomada.net\/senegal\/wp-json\/wp\/v2\/pages"}],"about":[{"href":"https:\/\/monnomada.net\/senegal\/wp-json\/wp\/v2\/types\/page"}],"author":[{"embeddable":true,"href":"https:\/\/monnomada.net\/senegal\/wp-json\/wp\/v2\/users\/1"}],"replies":[{"embeddable":true,"href":"https:\/\/monnomada.net\/senegal\/wp-json\/wp\/v2\/comments?post=38"}],"version-history":[{"count":10,"href":"https:\/\/monnomada.net\/senegal\/wp-json\/wp\/v2\/pages\/38\/revisions"}],"predecessor-version":[{"id":260,"href":"https:\/\/monnomada.net\/senegal\/wp-json\/wp\/v2\/pages\/38\/revisions\/260"}],"up":[{"embeddable":true,"href":"https:\/\/monnomada.net\/senegal\/wp-json\/wp\/v2\/pages\/212"}],"wp:attachment":[{"href":"https:\/\/monnomada.net\/senegal\/wp-json\/wp\/v2\/media?parent=38"}],"curies":[{"name":"wp","href":"https:\/\/api.w.org\/{rel}","templated":true}]}}